3 - 2*u**2 - 8*u + 15. Let p be v(3). Suppose 3*h + 5*l - 86 = p, -3*h - 27*l + 84 = -24*l. What is the remainder when h is divided by 11?
5
Suppose -17*l - 42*q + 39*q + 25235 = 0, -5*l + 7391 = -3*q. What is the remainder when l is divided by 18?
7
Let g(b) = -6*b**2 + 61*b + 1. Let k = 14 + 22. Calculate the remainder when k is divided by g(10).
3
What is the remainder when 349 is divided by 45/35*(-2)/(-9) + 3200/70?
27
Let h(a) = -a**3 + 29*a**2 - 93*a - 21. What is the remainder when h(17) is divided by 85?
81
Let m = -14368 + 17849. What is the remainder when m is divided by 67?
64
Suppose 0 = -j + 4*a + 5215, -4*j = a - 23657 + 2780. What is the remainder when j is divided by 1738?
5
Suppose 185*w = 22074 - 16894. Suppose 0 = -3*s - s + 2*y + 16, -5*y - 10 = 5*s. Suppose -s*x - x = -246. What is the remainder when x is divided by w?
26
Suppose 4*l - 124 - 62 = 50. Calculate the remainder when 309 is divided by l.
14
Let a(l) = -30*l - 394. Suppose 573*b - 561*b + 180 = 0. What is the remainder when a(b) is divided by 21?
14
Let x = 109 - 106. Suppose -13*z + x*z = 1020. Let y = 108 + z. Calculate the remainder when 26 is divided by y.
2
Suppose 0*w = -4*w + 8. Suppose -3*m = w*m - 1985. Suppose -3*k - 13 = -m. Calculate the remainder when k is divided by 26.
24
What is the remainder when 8106 is divided by 4 + (2935/45 - 2) + (-8)/36?
66
Suppose 2*y + 4 = 0, 0 = 5*i - 122*y + 125*y - 729. Calculate the remainder when i is divided by 113.
34
Suppose -766*q = -772*q + 12. Suppose 3*b - s - 126 + 22 = 0, q*s - 2 = 0. What is the remainder when 117 is divided by b?
12
Suppose 2*c - 28 - 6 = 0. Suppose -200 - 38 = -17*q. Let n(j) = j**2 - 19*j + 134. Calculate the remainder when n(q) is divided by c.
13
Suppose -26 = -r - 0*r. What is the remainder when (-4192)/(-72) - (-6)/(-27) is divided by r?
6
Let n(o) = o**2 + 14*o + 108. Let u be n(-20). Suppose -5*l + u + 107 = 4*t, 2*t + 5*l - 165 = 0. What is the remainder when t is divided by 24?
13
Suppose 10*n - 239 - 1021 = 0. Suppose 139*d - n*d = 338. Calculate the remainder when 308/3 + 4/(-6) is divided by d.
24
Let r = 137 - 135. What is the remainder when 43 is divided by (((-11)/r)/(-11))/(2/76)?
5
Let y = 4906 + -4739. Calculate the remainder when 2167 is divided by y.
163
Let s = 782 - 181. Suppose 5*h - 966 = -s. What is the remainder when h is divided by 33?
7
Let y(g) = -g**3 + 7*g**2 - 3*g + 8. Let d be y(6). Suppose -k + d = -0*k. Let l = -776 + 786. What is the remainder when k is divided by l?
6
Let g = 77 + -187. Let l = g + 235. Calculate the remainder when l is divided by 42.
41
Suppose 3887 = 9*z + 3554. Calculate the remainder when z is divided by 8.
5
Let n = 12660 + -12639. Calculate the remainder when 5391 is divided by n.
15
Let g be 3 + 2 + (-95)/19. Suppose 33*p - 28*p - 250 = g. Let z = 50 + -30. Calculate the remainder when p is divided by z.
10
Let t = -19296 + 21753. What is the remainder when t is divided by 205?
202
Let d = 11977 + -10566. What is the remainder when d is divided by 109?
103
Let h = 18261 - 13726. What is the remainder when h is divided by 42?
41
Let l = 1368 - -3016. Calculate the remainder when l is divided by 43.
41
Let d(a) = 77*a - 1593. What is the remainder when d(25) is divided by 4?
0
Let g(m) = -2*m**3 - 55*m**2 + 29*m + 31. Let x be g(-28). Suppose 3*b - 1 + 4 = 0, x*v + b = 116. What is the remainder when 151 is divided by v?
34
Let r(t) = 93*t**3 + 2*t**2 - 100*t + 99. What is the remainder when 317 is divided by r(1)?
35
Let d = 551 + -57. Let k = -474 + d. Calculate the remainder when k is divided by 12.
8
Let j = 15 - 4. Let u(p) = -2*p**3 + 32*p**2 - 29*p - 188. What is the remainder when u(11) is divided by j?
10
Let o(b) = 3*b**2 - 2*b - 24. Let x be o(8). Let w = 166 - x. What is the remainder when 153 is divided by w?
13
Let t(p) = -71*p - 13. Calculate the remainder when 574 is divided by t(-1).
52
Let u(m) = -m**2 + 27*m - 31. Let s be (-3 - 42)*(3 - -1)/4. Let a = s + 70. What is the remainder when u(a) is divided by 2?
1
Let l be (-1)/3 + 258/18 + -7. Suppose d = -4*k + 35, 3*d - 20 = l*d. What is the remainder when 36 is divided by k?
6
Let q(r) = 32*r + 202. Let i be q(-7). Calculate the remainder when 60 is divided by (i/3)/(6 - (-336)/(-54)).
27
Suppose 30*m - 1148 = 6*m + 10*m. Calculate the remainder when 168 is divided by m.
4
Suppose -p + 2*p = 132. Suppose a = -2*a + 3*m + p, 0 = 2*m - 4. What is the remainder when a is divided by (-55 - -39)/(-1*2)?
6
Let j(n) = -90*n + 143. Calculate the remainder when j(-11) is divided by 63.
62
Suppose -12*i = -10*i - 66. Let b = 25 + -14. Let v(x) = x**2 - 12*x + 15. What is the remainder when i is divided by v(b)?
1
Let s = 25314 - 25302. Let w = 25 + 2. Calculate the remainder when w is divided by s.
3
Suppose -3*a + 196 = 2*a + 3*h, -2*a - 2*h + 76 = 0. Suppose a = 6*j + 11. Let o = 17 + j. What is the remainder when 108 is divided by o?
20
Let s(w) = w**2 + 37*w + 188. Suppose -i + 30 - 6 = 0. What is the remainder when i is divided by s(-31)?
0
What is the remainder when ((-1328)/(-3984))/(1*1/324) is divided by 105?
3
Let p(j) = 5 - 4*j + 2*j + 4*j. Let y be p(0). Suppose 0 = y*q - 168 - 62. What is the remainder when q is divided by 16?
14
Suppose -4*l + 65*b = 70*b - 139, l - 40 = 4*b. Calculate the remainder when 1072 is divided by l.
28
Suppose -f - 9 = -2*l, -3*l + 84 = -4*f - 7*l. Calculate the remainder when (-37)/(-74) + 6/(-4) - f is divided by 6.
4
What is the remainder when 2920 is divided by 144/21*(-40 - -47)?
40
Suppose 13*m - 30*m = -204. Let t(w) = w**3 + 4*w**2 - 8*w - 16. Calculate the remainder when t(7) is divided by m.
11
Suppose -o + 3*m + 48 = 0, 2*o - 5*o + m + 128 = 0. Let b be (-21)/(-5) - 3/15. Suppose -b*d = -d - 45. What is the remainder when o is divided by d?
12
Let y be 55 + 6/(-48)*-8. Suppose -9*g + 749 = y. Calculate the remainder when g is divided by 13.
12
Suppose -2*r - 1792 = -5*g + 2442, -2*g - 2*r + 1702 = 0. Calculate the remainder when 2551 is divided by g.
7
Let u = 372 + 179. Calculate the remainder when u is divided by 69.
68
Let b = -461 + 55. Let n = -137 - b. Calculate the remainder when n is divided by 71.
56
Let w(i) = 21*i + 7. Let v(r) = r**2 - 54*r - 1464. What is the remainder when w(7) is divided by v(74)?
10
Suppose 5*w = -i + 30 - 5, 0 = 3*w - 2*i - 2. Suppose -2*m - 4*x + w = 0, -m + x - 26 = -4*m. Let n = -22 - -38. Calculate the remainder when n is divided by m.
6
Let q(p) = p**2 + 9*p - 6. Let v be q(-15). Let s be 24/v - 1/7*9. Calculate the remainder when 37 is divided by (-2)/(s - -2)*(12 + -17).
7
Suppose -15*m = 37 + 8. Calculate the remainder when 189 is divided by (3 - 141)/m - (-16)/8.
45
Let f(g) = 3*g + 8. Let d be f(4). Suppose -d = -5*s, 0 = 2*u - 5*s + 113 + 27. Let q = u + 74. Calculate the remainder when 25 is divided by q.
11
Let x = 337 + -339. Calculate the remainder when 6/21 + (6312/(-28))/x is divided by 13.
9
Let w = -26 - -112. Suppose w = 3*f + 5. Calculate the remainder when 106 is divided by f.
25
Let a(y) = -y**2 + 40*y - 59. Calculate the remainder when a(37) is divided by (-13 + -2)*((-16)/12)/1.
12
Let i(d) = -32*d + 1. Let t(v) = v - 2. Let j be t(0). Let x = 286 - 269. What is the remainder when i(j) is divided by x?
14
Suppose 0 = 38*x - 33*x - 12990. Suppose -2*w = -4*r + x, -12*r - w = -8*r - 2589. Calculate the remainder when r is divided by 13.
11
Let c(b) = -238*b + 1004. What is the remainder when 235 is divided by c(4)?
27
Let i(h) = 5*h**2 + 86*h + 443. Let o = 2 + -3. What is the remainder when i(-11) is divided by ((-15)/(-20))/(o/(-20))?
12
Suppose 5*b - 172 = -4*n + 3*b, 5*n + 2*b = 217. Suppose 121*u - 36*u - 59*u - 2132 = 0. Calculate the remainder when u is divided by n.
37
Let n = -159 + 218. Suppose n*i = 72*i - 338. What is the remainder when 100 is divided by i?
22
Let t = -1791 + 1962. What is the remainder when 341 is divided by t?
170
Let r(x) = -29*x + 93. Let h be r(-19). Suppose 4*c + h = 18*c. What is the remainder when c is divided by 15?
1
Calculate the remainder when 948 is divided by (3*2)/((-1884)/(-7850)).
23
Let y(t) = 2*t**2 + 17*t + 23. Let f be y(-8). Suppose 0 = 5*u + 4*a - 285, u + f - 81 = a. Calculate the remainder when 176 is div